 23 is divided by 9?
7
Suppose -4*g + 2*f + 2936 = 0, 3*g = -5*f + 7618 - 5416. Calculate the remainder when g is divided by 9.
5
Let m = -94 - -127. Calculate the remainder when m is divided by -3*2/(-6) + (-154)/(-11).
3
Let w(x) = -2*x + 25. Let v = 172 - 162. Let z(f) = 2*f**3 - 19*f**2 - 8*f - 6. Calculate the remainder when w(-14) is divided by z(v).
11
Let a be -7 - (-4)/((-28)/3101). What is the remainder when (-2)/(-2) - (14 + a) is divided by 40?
37
Let c be -3 - (35 + 0)/(-7). What is the remainder when c/((-18)/4 + 4) - -41 is divided by 20?
17
Suppose -9*l = 26 - 80. Suppose -493 = l*w - 2575. Calculate the remainder when w is divided by 88.
83
Suppose 0 = 4*q - 2*q - 432. Suppose -m = -6*m - 5*x + 400, -3*m + 5*x = -q. Calculate the remainder when m is divided by (13/3)/(3/(-9) + (-24)/(-54)).
38
Calculate the remainder when 200 is divided by (-9 - 37/(-4)) + (-1455)/(-20).
54
Suppose -2*o + 4*y + 37 = o, 4*y + 30 = 2*o. Suppose -o*z + 3*z = -124. Calculate the remainder when 89 is divided by z.
27
Let c(l) = 3*l**2 - 44*l - 7. What is the remainder when 851 is divided by c(15)?
3
Calculate the remainder when 89 is divided by -4 + 1 + -11 - -93.
10
Suppose 2*p = 5*s + 86, 24 = 4*p - s - 130. Let l = 166405 + -166262. What is the remainder when l is divided by p?
29
Suppose 9*h - 2*u + 718 = 12*h, 226 = h + 4*u. Suppose 8*n = o + 3*n - 70, 0 = 5*o + 2*n - h. What is the remainder when 499 is divided by o?
49
Suppose 7*g = 13 - 230. Calculate the remainder when 2080/2 + (g - -23) is divided by 23.
20
Suppose -4*g = -8*g + 228. Suppose -t - 8 = -5*q + g, -q + 39 = 5*t. Let v = -61 + 65. Calculate the remainder when q is divided by v.
2
Let j = -3 + 29. Calculate the remainder when (4 + -7)*142/(-6) is divided by j.
19
Let l be (-3)/6 + 399/(-6). Let z = -35 - l. What is the remainder when 155 is divided by z?
27
Suppose 7*c - 1397 - 598 = 0. Suppose 4*b - b - c = 0. Suppose 2*y - b = -3*n, 4*n + 2*y = -y + 126. Calculate the remainder when n is divided by 12.
9
Suppose 0 = -4*c + a - 99, 2*a = 3*a + 5. Let l = -21 - c. Suppose 3*y = 2*z - 69, 3*z - 21 = -l*y + 73. Calculate the remainder when z is divided by 11.
0
Let y(p) = 19*p + 8. What is the remainder when (-2658)/(-42) + (-4)/14 is divided by y(0)?
7
Let f(b) = -2*b**3 - 2*b**2 - 4*b - 5. Let y(v) = 8*v**2 + 1. Let i be y(-1). Let h = i + 23. What is the remainder when h is divided by f(-2)?
10
Let x be 30*(4 - 23/6). Suppose -28*d = -x*d - 253. What is the remainder when 50 is divided by d?
6
Let t(n) = n**2 - 13*n + 24. Suppose 4*b = 2*o - 6*o - 188, 0 = -3*o - b - 147. Let l = o + 62. Calculate the remainder when 119 is divided by t(l).
11
Let z(j) = 22*j**2 - 2*j + 1. Let w be z(-2). Let r = -56 + w. Suppose 0 = i + 11 - r. What is the remainder when i is divided by 10?
6
Let i be 4/10 + (-306)/(-85). What is the remainder when (i + -10)/((-8)/244 + 0) is divided by 37?
35
Suppose -155*k = -22*k - 2527. Let q = 26 + -23. Suppose q*y = 5*c + 192, y - 17 = -2*c + 58. What is the remainder when y is divided by k?
12
Let c = -4425 + 4432. Calculate the remainder when ((-474)/(-15))/(-1)*-5 is divided by c.
4
Suppose -171*g + 2*c - 2 = -172*g, 0 = 3*g - 3*c - 33. What is the remainder when 1293 is divided by g?
5
Suppose -36*h - h = -2215 - 560. Calculate the remainder when 278 is divided by h.
53
Let h = -20799 + 20815. Calculate the remainder when 1515 is divided by h.
11
Suppose 0 = -31*k + 3 + 90. Let j(l) = -l**2 + 19*l - 2. What is the remainder when 78 is divided by j(k)?
32
Suppose 0 = f - 1 - 2, 2*g = 3*f + 581. Suppose 5*o - g = -5*j, -o = -6*o - 25. Let t(n) = -3*n + 35. Calculate the remainder when j is divided by t(6).
13
Let z = 32164 - 31459. What is the remainder when z is divided by 693?
12
Let t(j) = 22*j + 199. Let z be 1/(-5 - (-308)/63). What is the remainder when 1 is divided by t(z)?
0
What is the remainder when 16758/42 - (-3 - 0) is divided by (-6)/(-27) - 727/(-9)?
78
Let s = 353 - 495. Let v = 156 + s. Calculate the remainder when (90/4)/((-3)/(-6)) is divided by v.
3
Let i = 371 + -371. Suppose 3*u - 3*s - 2 = 25, -s = i. Calculate the remainder when u is divided by 3.
0
Let g = 1064 - 1046. Calculate the remainder when 260 is divided by g.
8
Calculate the remainder when (-10 - -5)*((-6042)/(-265))/(4/(-10)) is divided by 49.
40
Let o(b) = 734*b**2 - 1405*b + 22. Calculate the remainder when o(6) is divided by 21.
19
Let w = 14734 - 14132. Calculate the remainder when w is divided by 60.
2
Suppose 38457 + 7902 = 17*f. What is the remainder when f is divided by 39?
36
Let r = 28072 - 23215. What is the remainder when r is divided by 108?
105
Let q be 6/66 + 2/(-22). Suppose q = 10*r - 10 - 160. Calculate the remainder when 83 is divided by r.
15
What is the remainder when 818 is divided by (1128/(-40) + 30)/(2/30)?
8
Suppose 22 - 2 = -5*n. Suppose 4*z + 16 = 0, 0 = -5*t - 5*z + 115 + 10. Calculate the remainder when 2 - (-2 - -4)/(n/278) is divided by t.
25
Let d = 7594 - 6903. What is the remainder when d is divided by 339?
13
Suppose 9985 - 891 = 190*b - 4586. What is the remainder when 1942 is divided by b?
70
Let x(w) = -1. Let i(l) = 5*l + 5. Let v(f) = -i(f) - 15*x(f). Let c(g) = 2*g**2 + 58*g + 258. What is the remainder when v(-8) is divided by c(-5)?
14
Suppose 13*t - 12*t = -5*v + 1017, 3*v - 4997 = -5*t. Suppose 1467 + t = 28*y. What is the remainder when y is divided by 15?
13
Suppose -2*k + 1822 = 5*s, 279*k + 4431 = 284*k - 3*s. What is the remainder when k is divided by 293?
12
Let a(s) = 41*s**2 - 46*s - 124. Calculate the remainder when a(-6) is divided by 179.
17
Suppose -o - a + 176 = 165, 47 = 3*o + 5*a. What is the remainder when 96 is divided by o?
0
Suppose 7*d = -9*d + 224. Suppose 3*s - 23 = 22. Calculate the remainder when 12/(-42) + 1656/d + 0 is divided by s.
13
Let c be (39/6 - 4)/((-4)/(-16)). Suppose 0 - 100 = -c*f. What is the remainder when 26 is divided by f?
6
Let v(l) = 4*l + 467. Calculate the remainder when v(-21) is divided by 116.
35
Suppose -137 = 10*f + 143. Let k = 134 + f. What is the remainder when k is divided by 27?
25
Suppose 77*u + 5242 = 11773 + 28581. What is the remainder when u is divided by 29?
21
Let o(k) = 6*k - 27. Let d be o(8). Suppose d*x - 16*x - 10 = 0. Suppose b + 292 = x*n - 2*b, 439 = 3*n - 5*b. What is the remainder when n is divided by 16?
15
Let a(j) = -193*j - 3. Suppose -3*c = -4*s - 19, -3*s - 2*s + 20 = 5*c. Let h be a(s). Suppose -5*p = 5 - h. Calculate the remainder when p is divided by 20.
17
Suppose 4*c = 1571 - 763. Suppose 4*q - c = -5*o, -5*q + 54 + 194 = 4*o. Calculate the remainder when q is divided by (-82)/(-8) - (-1)/(-4).
8
Suppose 26 = -2*t + 4*t. Suppose -7*i - 309 + 561 = 0. What is the remainder when i is divided by t?
10
Suppose -22*w - 6464 = -86*w. What is the remainder when w is divided by 36?
29
Let n(w) = w**2 - 70*w + 893. What is the remainder when 128 is divided by n(54)?
12
Let k(t) = -4*t**3 - 16*t**2 - 10*t - 8. Let f be k(-6). Let p = 368 - f. What is the remainder when 138 is divided by p?
26
Suppose -a - 468 = k, 0 = 4*a - 0*k - 5*k + 1854. Let j = -437 - a. Calculate the remainder when 65 is divided by j.
7
Suppose 0 = 9*z - 3479 + 2930. Calculate the remainder when z is divided by 28.
5
Let t(m) = m**2 - 2. Let a be t(-3). Let g(u) = u**3 - 6*u**2 + 7*u - 7. Suppose 337 = 15*b - 8. What is the remainder when g(a) is divided by b?
22
Let y = 32302 + -27936. What is the remainder when y is divided by 26?
24
Let o(z) = z**3 + 4*z**2 - 6. What is the remainder when -1*6*-1*(-986)/(-87) is divided by o(2)?
14
Let q(r) be the first derivative of r**3/3 - 13*r**2 + 14*r - 174. What is the remainder when q(37) is divided by 85?
81
Let s(z) = -z**3 - 19*z**2 - 107*z - 147. What is the remainder when 387 is divided by s(-10)?
19
Let s(a) = 9*a + 17. Let y be (2 - 2)/((-2)/6*3). Let f = -4 - -13. What is the remainder when s(y) is divided by f?
8
Let k(f) = f**2 + 39*f + 68. Let q be k(0). Suppose 0 = 26*u - 30*u + q. Calculate the remainder when 68 is divided by u.
0
Let j(u) be the second derivative of 13*u**4/12 - 2*u**3 - 16*u**2 + u + 24. Calculate the remainder when j(-4) is divided by 58.
50
Suppose 30*g + 3*y + 51 = 34*g, 2*g + y - 33 = 0. Suppo